**2 - 6*s**2 + 2*s + 9. Let p(v) = 5*v**2 - v - 9. Let o(g) = -4*f(g) - 7*p(g). Let z = -9 + 9. Determine o(z).
-9
Suppose 2*p = -2 + 8. Let j(s) be the second derivative of -s**5/20 + s**4/3 - s**3/2 - 2*s. What is j(p)?
0
Let i(v) = 2*v**2 - v - 1. Let g be i(-2). Let h(n) = -3 + 2*n + g*n - n**2 + 9*n - 16*n. Give h(3).
0
Let k(w) be the first derivative of w**6/120 - 7*w**5/60 + w**4/6 + w**3 - 3*w**2/2 + 1. Let m(g) be the second derivative of k(g). What is m(6)?
-6
Let r(b) = b**2 + 6*b - 1. Suppose 2*d + 8 = s + s, s = -2*d - 14. Calculate r(d).
-1
Let j(k) = 9*k**3 + k**2 - 1. Suppose 2*z + 3 + 3 = 0. Let n(s) = s**3 + 2*s**2 - 1. Let q be n(z). Let m be q/(-20)*(1 + -3). Calculate j(m).
-9
Let d(g) be the first derivative of 4*g**3/3 + g**2/2 - 12. Give d(1).
5
Suppose 4*t + 0*c + 26 = c, 5*c - 34 = 4*t. Let z = 1 + t. Let d(b) = -b. Let k(n) = n**2 + 12*n + 6. Let u(h) = 6*d(h) + k(h). Give u(z).
1
Let a(u) = -3*u**3 - 5*u**2 - 3*u - 1. Let k(q) = -q**3 + q. Let t(l) = -a(l) + 4*k(l). Determine t(6).
7
Let f = 7 - 3. Suppose f*i = 5 - 1. Let u(p) = i - p + p**3 + 3 - 4*p**2 - 2*p**3. Calculate u(-4).
8
Let o = 63 - 92. Let l = -8 - o. Suppose 0 = -4*j + 1 - l, -5*a - 5 = j. Let i(t) = -t**2 - t + 7. Calculate i(a).
7
Let t be (10/6)/(-5)*9. Let h be ((-3)/(-3) - t)*-1. Let j(n) = n**3 + 5*n**2 + 5*n + 4. Determine j(h).
0
Let x(r) be the third derivative of r**4/8 + r**3/2 - 11*r**2. Let z = 0 + 1. Let b be z/(-4) + 11/(-4). What is x(b)?
-6
Suppose 4*u - 5*s + 41 = 0, 5*u + s - 37 = 9*u. Let f(l) = -l**2 - 9*l - 6. Calculate f(u).
-6
Let w(n) = 2*n**2 + 10*n - 9. Let l(f) = -5*f**2 - 29*f + 26. Let i(c) = 3*l(c) + 8*w(c). Suppose 0 = -5*r - 84 + 109. Calculate i(r).
-4
Let m(c) be the first derivative of c**2/2 - c + 8. Give m(6).
5
Let z be 2 + -1 + (-5 - -1). Let r(d) = 17*d**2 + 6*d - 6. Let t(u) = -11*u + 2 - 4*u**2 - 2*u**2 + 9*u + 0*u**2. Let a(f) = z*r(f) - 8*t(f). Determine a(-2).
-6
Let l(a) = -a**3 - 5*a**2 - a - 4. Let p be (-14)/91 - 200/52. What is l(p)?
-16
Let m(y) = -y**3 + 3*y**2 - y - 3. Suppose 8*z - 6*z = -3*g + 3, -4*g + 18 = -2*z. Give m(g).
-6
Let a(l) = l**2 - 5*l - 4. Let d be a(6). Suppose d*s + 4 = 4*s. Let f(w) = 0 - w**3 + 6 - 1 - 5*w**2 - s*w - 2. Give f(-4).
-5
Suppose -2*a = -3 + 1. Let h(v) be the third derivative of 3*v**6/40 - v**5/30 + v**3/6 - 2*v**2. Determine h(a).
8
Let p = 2 + 1. Let o(d) = 4*d + 3. Calculate o(p).
15
Let b(o) = o + 8. Let x be b(-8). Let p(n) = -3 + x - 1 + n. Let c be p(2). Let f(k) = -3*k + 2. Give f(c).
8
Let x(q) = -9*q**2 + 16 - 2 - 12*q**3 - 12*q - 2*q**3 + 15*q**3. What is x(10)?
-6
Let w(v) = v**2 + 3*v + 1. Let c be w(-1). Let i(k) = -11*k - 3. Let t(x) = 21*x + 5. Let s(b) = 7*i(b) + 4*t(b). Give s(c).
-8
Suppose 8*u - 4*u = 0. Suppose -4*j = -u*j. Let w(p) be the second derivative of -p**5/20 - p**4/12 + p**3/6 + p. Give w(j).
0
Let s(c) = -c + 1 - 1 + 0. Let h = -6 + 8. Suppose -5 = h*g + 5. Calculate s(g).
5
Let v(b) be the third derivative of b**4/12 + b**3/6 - 14*b**2. Determine v(2).
5
Let a(l) = -l - 3. Let u(g) = -g - 4. Let c(k) = 3*a(k) - 2*u(k). Let s(m) = -2*m - 5. Let w = 6 + -9. Let y(q) = w*c(q) + s(q). Determine y(0).
-2
Suppose 34 = 5*x + 9. Suppose 5*a - 5 = x. Let l(q) = -q**2 - q**3 + 0*q**2 + 4*q - a*q. Calculate l(-2).
0
Let p(j) be the second derivative of -2*j**2 + 0 + 1/6*j**3 + j. Give p(2).
-2
Let w(x) = x**3 - 6*x**2 - 9*x + 8. Suppose 0 = -47*d + 49*d - 14. What is w(d)?
-6
Let w = -11 - -18. Let d = w - 8. Let t(l) = -11*l**2 + l + 1. What is t(d)?
-11
Let q(c) = -c - 10. Let m be q(-15). Let r(v) = -v + 2. Calculate r(m).
-3
Let v = 7 - 4. Suppose -2*w + 15 = w. Let m(n) = -7 - n + v - w. What is m(-5)?
-4
Let i(v) be the second derivative of -3*v**5/20 + v**4/6 - v**3/3 + v**2 - 7*v. Determine i(2).
-18
Let f(o) be the third derivative of -o**5/60 + 5*o**4/24 + o**3/2 + 12*o**2. Calculate f(6).
-3
Let g(f) be the third derivative of 2*f**2 + 1/10*f**5 + 5/6*f**3 - 1/120*f**6 + 0*f + 0 - 1/3*f**4. Determine g(5).
-10
Let s(h) = 3*h - 16. Let p be s(7). Let j(z) = -z + 1. Let q be j(-2). Let d = p - q. Let f(m) = -2*m + 2. Give f(d).
-2
Let k(y) = 5*y**3 - 2*y**2 + 3*y + 1. Let s(t) = -6*t**3 + 2*t**2 - 2*t - 1. Let o(a) = -2*k(a) - 3*s(a). What is o(1)?
7
Let u(z) = 3*z**2 - 2*z - 5. Let p(l) = 5*l**2 - 3*l - 7. Let i(b) = 5*p(b) - 8*u(b). What is i(4)?
25
Let m = 83 + -88. Let f(t) be the third derivative of t**5/60 + t**4/4 + t**3 + t**2. Give f(m).
1
Let r = 9 + -7. Let l(z) = 3*z**3 + z - 1. Let h(d) = -13*d**3 - 4*d + 5. Let u(n) = 2*h(n) + 9*l(n). Calculate u(r).
11
Let h(p) = 3*p**2 + 8*p + 9. Let k(s) = -7*s**2 - 17*s - 19. Let w(v) = 5*h(v) + 2*k(v). Let f be (-70)/14 - ((-2)/2 - -1). Give w(f).
2
Let x(t) be the first derivative of 1/2*t**2 - t - 3. Give x(0).
-1
Let c(z) be the second derivative of -z**3/6 - z**2/2 - 5*z. What is c(4)?
-5
Let u = 87 - 85. Let v(b) = b - 2. Give v(u).
0
Let c(a) = -a**2 + 6*a + 9. Suppose q + 3*v + 2 - 25 = 0, -4*v = -20. Give c(q).
-7
Suppose 3*y - 20 = 13*y. Let r(t) = 6*t + 2. Calculate r(y).
-10
Let p(h) = -3*h + 1. Let w be p(3). Let r = 5 + w. Let z(i) be the third derivative of i**6/120 + i**5/15 + i**4/8 - i**3/6 + i**2. Calculate z(r).
-1
Suppose -2*z - 3*j = -6*j + 1, -2*j - 6 = -3*z. Let x(a) = -5 - z + a - 2. Give x(5).
-6
Let b(q) = 2*q - q**3 - q**2 + 2*q**2 - 2 + 3. Determine b(-1).
1
Let v(y) be the third derivative of 1/24*y**4 - 5/6*y**3 + 0 + 0*y - 3*y**2. Let z = 0 - 0. Give v(z).
-5
Suppose 9 = -q - 3*t, 2*q + 2*t + 2 = 4. Suppose -1 - 4 = -5*o, -4*o = -z - q. Let s be 6/3 + 1 - z. Let b(n) = n + 2. Calculate b(s).
7
Suppose 0*m - 6 = -3*m. Let v be 1/(-2)*-3*m. Let w be (v + 0 - 3)/(-1). Let y(l) = l - 10. What is y(w)?
-10
Let t(v) be the third derivative of -v**6/120 - v**5/20 + v**4/8 - 5*v**3/6 - 3*v**2. Let p be t(-4). Let d(a) = -2*a**2 + 1. Give d(p).
-1
Let w(g) = -2*g - 8. Let f = 5 + -11. Let r be w(f). Let c(n) be the second derivative of -n**3/2 + 3*n**2 + n. Give c(r).
-6
Let v(q) = q**3 - 4*q**2 + 3. Let m be v(4). Let i(c) = 1 - 3*c + 4*c + 1. Determine i(m).
5
Let b(f) = f. Let x(t) = t**2 - 5*t - 8. Let c be x(6). Let z = c + 3. Suppose 0*o - o - z = 0. Give b(o).
-1
Let n(l) = -l**2 + 6*l. Let a(q) = -q**2 + 5*q. Let k(b) = -7*a(b) + 6*n(b). Let x = -10 + 23. Let j = x + -15. Give k(j).
2
Let s(b) = -11 + 2 - b**3 - 2*b - b**2 - b + 4*b. Give s(0).
-9
Let n(d) = 5*d + 6 - 3*d + d - 2*d. Give n(-10).
-4
Let a(u) be the third derivative of -u**6/120 + u**5/10 + u**4/24 - 4*u**3/3 + u**2. What is a(6)?
-2
Let j(m) = -21*m - 9. Let t(h) = -10*h - 4. Let d(c) = -4*j(c) + 9*t(c). What is d(-1)?
6
Let x = -1 - -5. Let a(m) be the third derivative of 0*m**5 + 0*m + 0 + 1/120*m**6 + 1/6*m**3 + 1/24*m**x - m**2. Calculate a(-1).
-1
Let f be (2/5)/((-1)/(-5)). Let d(a) = 3 - 1 + a**f + 12*a - 18*a - 2*a**2. Calculate d(-5).
7
Suppose 5*h - 40 = 5*t, 5*h - t - 30 = 2*t. Let r(q) = 0 - 4 - q - 9*q**h + 10*q**3 + 5*q**2. Let i(g) = -g - 10. Let x be i(-5). Calculate r(x).
1
Suppose 0*n + 5*f = -4*n - 5, 0 = -5*n - 3*f - 3. Let g(z) = -5*z + z + 3*z + 6. Let s(m) = -2*m + 13. Let c(p) = -5*g(p) + 2*s(p). Calculate c(n).
-4
Let g(v) = -v**2 + 3. Let k(o) = o**2 + o. Let c(f) = g(f) + 2*k(f). Give c(-2).
3
Suppose -15 = -4*h + 3*v, -2*h - 4*v + 5 = 3. Let s(p) = -p**2 + 3*p + 3 - p + h*p. Let l(x) = -x**2 - 8*x - 8. Let a be l(-6). Calculate s(a).
7
Let l be -2*(0 - 3/(-2)). Let w(a) = a**2 - 1. Calculate w(l).
8
Suppose -3*c + 2*n = -2*n + 4, -5*c = 5*n - 40. Let m(z) = 2*z - 1. Determine m(c).
7
Let d(y) = 15*y**2 + y. Let z be d(-1). Let b = z - 12. Let u(l) = 2 - 3*l + 4 - 5. Give u(b).
-5
Let y = -84 + 75. Let x(m) = 2*m - 5. Determine x(y).
-23
Let c(p) = 3*p - 3. Let t be c(2). Let r(d) = d**3 - 12*d**2 + 3*d + t + d + 17*d**2. Calculate r(-4).
3
Let h(c) = 9*c**3 + c**2 - 3*c + 5. Let w(r) = 9*r**3 + r**2 - 4*r + 6. Let m(b) = 5*h(b) - 4*w(b). Let o = 260 + -261. What is m(o)?
-8
Let n(l) = -l**3 + l**2 + 8. Let g be n(0). Let u(z) = -z**3 + 9*z**2 - 8*z + 8. Calculate u(g).
8
Let i = 4 + -4. Let s = 4 - i. Suppose s*b + 12 = -y - 2*y, -5*b + 4*y = 15. Let n(f) = -f**3 - 3*f**2 + 1. Give n(b).
1
Let f(z) = -z - 4. Let n be f(-5). Let w(y) = 2*y**3 + 7*y**3